*1 + c.
17
Let c(x) = x**2 + x - 4. Let w = 2 + -2. Let o be c(w). What is the remainder when o/(-10) - 444/(-15) is divided by 16?
14
Let v = -110 + 188. Let d = -24 + v. What is the remainder when d is divided by 14?
12
Let s = 69 + -23. What is the remainder when s is divided by 17?
12
Let x(g) = -2*g + 4. Let f be x(0). Calculate the remainder when 42 is divided by (10 + 0)*6/f.
12
Suppose -5*j - 20 = 0, 49 = 2*f + 4*j + 15. Let t(y) = -y**2 + 6*y + 13. What is the remainder when f is divided by t(6)?
12
Let y(a) = -28*a - 1. Let z(g) = g**2 - 3*g + 1. Let o be z(2). What is the remainder when y(o) is divided by 7?
6
Let d(o) = -o**3 - 5*o**2 - 3*o - 2. Let k be d(-4). Let n = k - -10. Suppose -5*z = -n - 71. Calculate the remainder when 28 is divided by z.
13
Let t(p) = p**2 + 3*p + 9. Suppose 2*v - 6 = 3*v. What is the remainder when 53 is divided by t(v)?
26
Suppose 4*r = 2*j - 200, 4*r - 309 - 103 = -4*j. What is the remainder when j is divided by 21?
18
Let u = 41 + -34. Calculate the remainder when u is divided by 3.
1
Let j(q) = -7*q**2 - q + 1. Let u be j(-2). Let o = 41 + u. Suppose 88 = 4*d - 4*n, -3*d + o = -4*n - 45. Calculate the remainder when d is divided by 14.
13
Let w(c) be the second derivative of -c**5/20 + c**4/12 + 9*c**2 + 4*c. What is the remainder when 70 is divided by w(0)?
16
Suppose 2*i + 6 = 0, -4*w + 0*i = -4*i - 192. What is the remainder when w is divided by 12?
9
Suppose -4*d - 12 = -6*d. Suppose -90 = -2*r + 7*r. Let g = r + 34. Calculate the remainder when g is divided by d.
4
Suppose 0 = -5*z - 15, -3*b + 5*z = -0*z - 6. Let r = 10 + b. What is the remainder when 27 is divided by r?
6
Let y(x) = 6*x**2 + x. Let c(k) = 15*k**2 + 2*k. What is the remainder when c(-1) is divided by y(1)?
6
Let w be (-1)/(-2) - (-173)/2. Suppose -4*m = -69 - w. Calculate the remainder when m is divided by ((-60)/3)/2*-2.
19
Let o = 69 - 49. What is the remainder when 35 is divided by o?
15
Suppose 5*j - 3*l = 52, j = -0*j + l + 10. Let f(d) = -d**2 + 5*d + 4. What is the remainder when j is divided by f(5)?
3
Let v = 32 - 2. Calculate the remainder when v is divided by 8.
6
Let i(s) = s**3 + 12*s**2 - 2*s - 6. Calculate the remainder when i(-12) is divided by 12.
6
Let g = 260 + -158. What is the remainder when g is divided by 13?
11
Let r be 117/54 + (-1)/6. Suppose 2*s + 11 = w + s, 4*s = r*w - 26. Calculate the remainder when 17 is divided by w.
8
Suppose 3*w - 2*w = -2*j, 2*w - 15 = -j. What is the remainder when (215/w)/(1/2) is divided by 22?
21
What is the remainder when 37 is divided by 10/4*(-76)/(-10)?
18
Let t(z) = z**3 + 8*z**2 + 7*z. Let n be t(-5). Let p = 59 + -56. Let b = p + n. What is the remainder when b is divided by 11?
10
Let v be (-6)/21 + 298/14. Suppose m = 4*m - v. Calculate the remainder when ((-8)/(-5))/((-18)/(-135)) is divided by m.
5
Let x = -57 - -101. What is the remainder when x is divided by 24?
20
Let p(k) = -3 - 2 + 1 + 2*k**2. Let t(s) = 6*s**3 - s**2 - s - 2. What is the remainder when t(2) is divided by p(-3)?
12
Suppose m - 2 = 2*m. What is the remainder when (1 + m)*(3 - 32) is divided by 8?
5
Let m(f) = -f + 3*f - 5 - 4*f + 2. Let t be m(4). Let d = t - -19. Calculate the remainder when 23 is divided by d.
7
Let y(q) be the second derivative of q**5/20 - 7*q**4/12 + 7*q**3/6 - 2*q**2 + 2*q. Calculate the remainder when 3 is divided by y(6).
1
Suppose 20*w = 1592 + 1548. Calculate the remainder when w is divided by 40.
37
Suppose 2*w - 3*y = 22, 4*y - 5*y = 2*w - 22. Calculate the remainder when 29 is divided by w.
7
Let u be -13 - (5 + -1 - 2). Calculate the remainder when (-2)/5 - 1311/u is divided by 22.
21
Let l(j) = -j + 4. Let f be l(4). Suppose -3*i + f*a + a + 111 = 0, 2*i - 5*a - 87 = 0. Calculate the remainder when i is divided by 13.
10
Let m(b) = b**3 - 3*b - 3. Let u = 0 - -3. Let g(n) = -n**2 + 8. Calculate the remainder when m(u) is divided by g(0).
7
Suppose -5*a + 4*g = -243, 0*a + 2*a = -5*g + 117. What is the remainder when a is divided by 18?
15
Suppose -2*h + k - 1 + 3 = 0, -3*h - 4*k = -25. Suppose -41 = h*v - 4*v. Suppose 0 = 4*c - 34 - 22. Calculate the remainder when v is divided by c.
13
Suppose 2*k - 3*h + 99 = 7*k, -2*h + 101 = 5*k. What is the remainder when k is divided by 6?
3
Let i = 32 - -32. Calculate the remainder when i is divided by 11.
9
Suppose r - 25 = -5*n, n + 5 = 2*n - 3*r. Let b = -5 + 8. Suppose b*j - 11 = -2. What is the remainder when n is divided by j?
2
Let v = -1 + 1. Let r = 18 + v. Suppose -3*g + 1 + 21 = a, -40 = -2*a - 5*g. Calculate the remainder when r is divided by a.
8
Suppose 3*c + o - 9 = 0, -c - o = -2*c + 7. Let h = c - 0. Suppose 0 = 5*t - 3*z - 33, -z + h - 9 = -t. What is the remainder when t is divided by 4?
1
Let n = 31 + -2. What is the remainder when n is divided by 6?
5
Suppose -b + 11 = -4*b + 4*r, -5*r = 3*b - 34. Suppose -b*j - 1 = -13, 2*q = -3*j + 10. Calculate the remainder when q + -1 + (11 - 0) is divided by 5.
4
Let v = 44 + 15. Calculate the remainder when 291 is divided by v.
55
Let z(g) = g**3 - 5*g**2 + g - 6. Let n = 138 + -69. Calculate the remainder when n is divided by z(6).
33
Let y = 60 + -41. What is the remainder when y is divided by 5?
4
Let u(m) = 18*m**2 - 2*m - 6. Let f be u(-4). Suppose 5*j = 2*h + f, -2*j - 5*h + 48 = -39. Calculate the remainder when j is divided by 19.
18
Suppose -16*x + 11*x = -345. Suppose -11 = g - 29. What is the remainder when x is divided by g?
15
Suppose 4*v + 4*l = 480, 9*v - 576 = 4*v + l. What is the remainder when v is divided by 39?
38
Suppose -5*b + 3*b + 40 = 0. Let l(w) = w**3 - 7*w**2 + 7*w + 1. What is the remainder when b is divided by l(6)?
6
Suppose 0 = -3*g - 3*g + 198. Calculate the remainder when 97 is divided by g.
31
Let t(f) = -f**3 - f**2 + 2. Let z = -2 + -1. Let x(c) = 58*c**2 + c. What is the remainder when x(1) is divided by t(z)?
19
Let t(x) = x + 8. What is the remainder when 53 is divided by t(6)?
11
Let c = 4 + -36. Let i = -20 - c. What is the remainder when 22 is divided by i?
10
Let w = 15 - 19. Calculate the remainder when (-1 + 1 - -43) + w is divided by 20.
19
What is the remainder when 32 is divided by (38/(-1))/((4 + -2)*-1)?
13
Let d be 11 - 8 - (-1 + -55). Let m = d + -27. What is the remainder when m is divided by 11?
10
Suppose 0 = -h - 57 + 169. Suppose 4*x - h = -40. What is the remainder when 35 is divided by x?
17
Suppose y + 72 = -3*y. Let b be (-2)/(-3)*y/12. What is the remainder when (-1 + b)*(-133)/14 is divided by 10?
9
Let f(t) = -18*t + 2. Calculate the remainder when 79 is divided by f(-1).
19
Let v = -191 + 204. Calculate the remainder when 21 is divided by v.
8
Suppose -2*p + 106 = 2*i - 0*i, -4*p = -4*i - 172. What is the remainder when p is divided by 10?
8
Let u(x) = -2*x + 9. Suppose -5*a = -10, -5*o - 3*a = 2*a - 585. Calculate the remainder when o is divided by u(-10).
28
Let g(q) = -6*q - 3 + 6 - 8*q. Suppose -4*j = -43 - 1. What is the remainder when g(-2) is divided by j?
9
Suppose -4*j + 6*j = 94. Let y = -18 + 42. What is the remainder when j is divided by y?
23
Suppose 2*m - 158 = 4*b, m - 6*m + 339 = 4*b. What is the remainder when m is divided by 12?
11
Let o = 6 - 13. Let t(w) = -6*w - 7. What is the remainder when t(o) is divided by 12?
11
Suppose 3*h - h - 244 = 0. What is the remainder when 46 is divided by 4/(-20) - h/(-10)?
10
Let d = -111 + 173. What is the remainder when d is divided by 24?
14
Let x = 6 - -14. Suppose 4*l = 2*l + x. Calculate the remainder when 27 is divided by l.
7
Let k = -12 + 17. Calculate the remainder when 14 is divided by k.
4
Let r = 6 + -11. Let d(o) = 2*o**2 + 5*o + 2. What is the remainder when d(r) is divided by 14?
13
Let h = 52 + 64. Calculate the remainder when h is divided by 24.
20
What is the remainder when 0/6 - (-38 - -1) is divided by 1/((-78)/(-38) - 2)?
18
Let k(i) = i**3 + 1. Let b(r) = -7*r**2 + 6*r - 4. Let j(o) = -b(o) - k(o). Calculate the remainder when j(6) is divided by 2.
1
Let c = -34 + 47. What is the remainder when c is divided by 16/10*(-10)/(-4)?
1
Let d = -20 - -45. Let y(w) = w**3 + 11*w**2 + 10*w + 13. What is the remainder when d is divided by y(-10)?
12
Let t be 2/(2 + 152/(-78)). Let f = t + 0. Suppose f = -0*c + 3*c. Calcu